-12c5
1030120 (base 4) to base 14
1ad2
What is 1325 (base 8) in base 14?
39b
What is 11010011000011 (base 2) in base 10?
13507
Convert 43334 (base 7) to base 12.
6305
What is 7059 (base 14) in base 9?
28410
4202 (base 6) to base 13
572
-1415 (base 8) to base 11
-650
What is -110332 (base 4) in base 12?
-93a
Convert -10083 (base 10) to base 2.
-10011101100011
Convert 1201002 (base 4) to base 12.
3716
Convert -112031 (base 6) to base 10.
-9523
Convert -10010110 (base 2) to base 10.
-150
-3 (base 13) to base 11
-3
Convert -a89 (base 14) to base 10.
-2081
Convert -36d (base 15) to base 8.
-1412
Convert -27753 (base 8) to base 11.
-9242
-220011022 (base 3) to base 14
-65c0
Convert 2373 (base 16) to base 7.
35313
Convert -241514 (base 6) to base 7.
-115432
-831 (base 10) to base 3
-1010210
Convert -353 (base 6) to base 11.
-119
43e (base 15) to base 11
7a2
Convert -332003 (base 4) to base 2.
-111110000011
What is -12020212 (base 3) in base 7?
-14111
What is -2ea (base 15) in base 7?
-1645
What is -2aa7 (base 12) in base 16?
-139f
6262 (base 10) to base 15
1cc7
What is 8ae (base 16) in base 4?
202232
What is -12370 (base 8) in base 12?
-3134
Convert 1443 (base 5) to base 16.
f8
Convert 7ab (base 14) to base 15.
6b8
-6455 (base 7) to base 9
-3128
What is 7ab (base 15) in base 8?
3310
What is -1015240 (base 6) in base 7?
-263142
Convert -213326 (base 7) to base 10.
-37211
5bb (base 13) to base 4
33213
-1e7e (base 16) to base 15
-24a6
What is 11421 (base 5) in base 14?
457
-2200 (base 6) to base 9
-620
What is 32010 (base 4) in base 6?
4100
Convert 24a (base 14) to base 11.
387
-518 (base 11) to base 4
-21300
What is 1983 (base 12) in base 10?
3123
-22120 (base 4) to base 3
-220121
Convert 2798 (base 16) to base 2.
10011110011000
-270 (base 9) to base 6
-1013
What is -18766 (base 9) in base 14?
-4a60
Convert -224 (base 8) to base 2.
-10010100
What is 258 (base 16) in base 5?
4400
Convert 12576 (base 8) to base 14.
2010
Convert -112f (base 16) to base 6.
-32211
What is -11210312 (base 4) in base 5?
-1212323
What is 1b52 (base 16) in base 11?
5289
What is 21ee (base 15) in base 7?
26663
Convert 12002221 (base 3) to base 11.
2886
Convert -111204 (base 5) to base 14.
-1609
-11110000 (base 2) to base 7
-462
-3221011 (base 4) to base 6
-153021
Convert -403211 (base 5) to base 11.
-9796
120111 (base 3) to base 14
21c
11111020 (base 3) to base 5
101043
10595 (base 10) to base 11
7a62
395 (base 10) to base 11
32a
Convert -10883 (base 11) to base 4.
-3311110
What is 276 (base 11) in base 16?
145
What is -2124 (base 6) in base 15?
-224
Convert -1252 (base 15) to base 9.
-5315
-1001101010101 (base 2) to base 14
-1b37
Convert 345 (base 6) to base 8.
211
-711 (base 8) to base 2
-111001001
What is 263 (base 11) in base 9?
375
What is 1c7 (base 13) in base 3?
110022
-1000000001 (base 2) to base 14
-289
1181 (base 9) to base 3
1012201
Convert 31462 (base 7) to base 4.
1321222
What is 747 (base 9) in base 4?
21202
What is 210112102 (base 3) in base 15?
49b8
What is a1ba (base 16) in base 5?
2311102
What is 239 (base 12) in base 3?
110100
3ede (base 16) to base 9
24062
What is 82 (base 10) in base 7?
145
-46a9 (base 14) to base 13
-57a3
What is -cc (base 13) in base 11?
-143
-12213 (base 4) to base 11
-355
Convert -15050 (base 6) to base 15.
-aa6
What is -223144 (base 5) in base 3?
-101212111
Convert 286 (base 9) to base 14.
132
Convert 13ada (base 14) to base 12.
242a8
Convert 6709 (base 10) to base 15.
1ec4
11000001111 (base 2) to base 6
11103
Convert 3101 (base 4) to base 3.
21202
Convert 2341 (base 5) to base 16.
15a
What is -433 (base 11) in base 16?
-208
What is -647 (base 14) in base 8?
-2327
17243 (base 8) to base 9
11674
What is -1210321 (base 5) in base 6?
-252322
Convert -2417 (base 13) to base 2.
-1001111100010
Convert 11000000110 (base 2) to base 14.
7c2
Convert 4162 (base 7) to base 11.
1112
368 (base 12) to base 2
1000000000
3737 (base 10) to base 11
2898
Convert b59 (base 13) to base 5.
30213
Convert 334 (base 7) to base 14.
c4
-203212 (base 5) to base 9
-10144
-400222 (base 5) to base 2
-11000100010010
Convert 21a79 (base 11) to base 10.
31909
-385 (base 11) to base 10
-456
22a5 (base 14) to base 15
1bba
Convert -11540 (base 9) to base 14.
-2b63
-10120221111 (base 3) to base 4
-101100100
-3818 (base 10) to base 2
-111011101010
Convert -811 (base 15) to base 8.
-3430
Convert -32233 (base 4) to base 8.
-1657
What is -1337 (base 8) in base 11?
-609
What is 78b (base 14) in base 9?
2041
What is -317 (base 10) in base 16?
-13d
-14346 (base 8) to base 2
-1100011100110
Convert 11210323 (base 4) to base 10.
22843
What is -16821 (base 12) in base 10?
-32281
553050 (base 6) to base 8
131726
Convert 214043 (base 5) to base 8.
16346
Convert 272 (base 13) to base 15.
1db
Convert -14443 (base 5) to base 7.
-3432
121100 (base 5) to base 13
20a1
-16628 (base 9) to base 10
-11447
What is -966 (base 16) in base 15?
-aa6
Convert -412 (base 7) to base 9.
-247
Convert -616 (base 14) to base 3.
-1122022
-1c87 (base 14) to base 7
-21130
Convert 311 (base 6) to base 12.
97
What is 14813 (base 9) in base 15?
300c
What is 4a5e (base 15) in base 6?
201155
427 (base 8) to base 14
15d
Convert -12202121 (base 3) to base 2.
-1000001101001
1111110001010 (base 2) to base 6
101214
What is 375 (base 15) in base 4?
30101
What is 2993 (base 16) in base 2?
10100110010011
What is 201402 (base 5) in base 15?
1dbc
-364 (base 8) to base 7
-466
-1b5 (base 14) to base 2
-101100011
-2b7b (base 14) to base 15
-246d
What is -424 (base 5) in base 4?
-1302
What is 2123 (base 11) in base 6?
21000
-1021122002 (base 3) to base 16
-629f
Convert c29 (base 16) to base 11.
2380
-5769 (base 13) to base 10
-12255
Convert -110010 (base 2) to base 15.
-35
What is 1222212 (base 3) in base 11?
1102
What is -21110 (base 3) in base 7?
-405
15339 (base 13) to base 14
10885
What is -10101011101010000 (base 2) in base 11?
-60039
What is 84e (base 16) in base 2?
100001001110
What is -100100100 (base 2) in base 10?
-292
Convert 3122212 (base 5) to base 13.
1a60c
What is -23430 (base 5) in base 3?
-2101110
Convert -5308 (base 10) to base 8.
-12274
Convert -112210 (base 3) to base 2.
-110001111
What is 33140 (base 6) in base 10?
4596
-398e (base 16) to base 15
-4574
-311001 (base 4) to base 2
-110101000001
Convert -18798 (base 13) to base 7.
-255216
Convert -771 (base 13) to base 10.
-1275
-860 (base 10) to base 11
-712
-10a1 (base 14) to base 10
-2885
What is 5486 (base 12) in base 10?
9318
What is -2252 (base 11) in base 2?
-101110010001
Convert 41 (base 13) to base 12.
45
Convert 11fe (base 16) to base 10.
4606
What is c6 (base 13) in base 16?
a2
-1006 (base 8) to base 4
-20012
What is 4375 (base 10) in base 15?
146a
What is 111001210 (base 3) in base 8?
22465
What is 5012 (base 14) in base 4?
3112220
Convert 40244 (base 5) to base 4.
220032
What is 11001000110 (base 2) in base 3?
2012111
62d0 (base 14) to base 7
100450
Convert 100000111 (base 2) to base 15.
128
-110110100 (base 2) to base 6
-2004
Convert 267 (base 9) to base 16.
df
Convert 4ac (base 13) to base 10.
818
2311 (base 9) to base 13
a18
What is 3761 (base 15) in base 4?
2320033
-111001100010001 (base 2) to base 10
-29457
What is 26004 (base 9) in base 11?
1216a
What is -2322313 (base 4) in base 14?
-4503
What is -1407 (base 12) in base 11?
-1811
Convert 460 (base 10) to base 6.
2044
What is 17096 (base 10) in base 7?
100562
-14977 (base 11) to base 13
-9810
-1212 (base 4) to base 16
-66
What is 100104 (base 8) in base 14?
bd76
Convert 1323 (base 12) to base 8.
4213
What is 32 (base 10) in base 6?
52
Convert 22101 (base 3) to base 6.
1014
Convert -20101 (base 3) to base 16.
-ac
What is 195 (base 15) in base 8?
555
What is 18311 (base 9) in base 13?
59aa
-36ca (base 14) to base 6
-112214
-1441 (base 5) to base 15
-116
Convert -1010001101001 (base 2) to base 3.
-21011112
Convert 313102 (base 6) to base 10.
25310
Convert 1121213 (base 4) to base 11.
4344
What is -1953 (base 14) in base 15?
-1556
Convert 169 (base 12) to base 7.
441
What is 100065 (base 7) in base 3?
212010020
Convert -22022102 (base 3) to base 8.
-13653
Convert -160 (base 13) to base 8.
-367
What is c332 (base 15) in base 5?
2304342
What is 8484 (base 16) in base 4?
20102010
-1987 (base 12) t